divided by f/(-6) + (-3)/9?
11
Suppose -q + 4*q - 6 = 0. Let w(d) = 15*d + 5 - 4 - q. Calculate the remainder when 27 is divided by w(1).
13
Let p = 16 + 2. Suppose -2*k + o = 3*k + 33, k + 4*o = 6. What is the remainder when -3*2/k - -33 is divided by p?
16
Let k(p) = -p**3 - 9*p**2 - 10*p - 6. Suppose -h = 3*o - 73, 3*h + 4*o - 136 = h. Calculate the remainder when h is divided by k(-8).
8
Let y = 158 + -113. Let o = 21 + -49. Let p = y + o. Calculate the remainder when 31 is divided by p.
14
Suppose -3*s - 1 = -3*f + 8, 2*f + 5*s = 6. Suppose 242 = f*z - z. What is the remainder when z is divided by 31?
28
Let s(w) = w**2 + 3*w + 4. Let y(q) = -q**3 + 8*q**2 + 5*q + 27. Let f be y(9). What is the remainder when s(7) is divided by 22 - (-1 - f/(-3))?
22
Suppose -4*j + 16 + 44 = 0. What is the remainder when 67 is divided by (j/6 - 2)*34?
16
Suppose 553 = 12*y - 2243. Calculate the remainder when y is divided by 26.
25
Suppose 3892 = 67*d - 1535. What is the remainder when 141 is divided by d?
60
Let y(d) = -159*d**3 + 90*d**3 + 81*d**3. Calculate the remainder when 34 is divided by y(1).
10
Suppose 11*u - 1752 = 2153. Calculate the remainder when u is divided by 121.
113
Let k = -295 + 315. Let o = -44 - -80. What is the remainder when o is divided by k?
16
Let f = -19 + 299. What is the remainder when f is divided by 61?
36
Let o(a) be the third derivative of a**6/120 + a**5/10 - 5*a**4/24 + 7*a**3/6 - 6*a**2. Calculate the remainder when o(-6) is divided by 14.
9
Let b be ((-57)/21 + 3)*7. Suppose -2*d + 28 = 4*s, -5*d = -b*d + 4*s - 44. What is the remainder when d is divided by 5?
1
Suppose -447 + 2247 = 4*s. Suppose -6*l = -l + s. Calculate the remainder when 35 is divided by ((-4)/6)/(5/l).
11
Suppose q + 4*q = -10, -b - q = -571. What is the remainder when b is divided by 25?
23
Suppose 5*v = 4*j - 121, 2*j - 5*v - 15 - 38 = 0. Let y = -10 + j. Let r = -19 + y. Calculate the remainder when 9 is divided by r.
4
Suppose -3*i = 4 - 28. Let b be (0 + 1)*186/2. Suppose -4*x - 2*p = -122, -3*x + 4*p + b - 18 = 0. Calculate the remainder when x is divided by i.
5
Let a(m) = 2*m - 1. Suppose -5 + 30 = 5*f. What is the remainder when 20 is divided by a(f)?
2
Suppose 122 = 5*q + 27. Suppose 4*m + q = 155. Let h = 477 - 468. Calculate the remainder when m is divided by h.
7
Let i(w) = -w**2 - 9*w - 4. Calculate the remainder when 38 is divided by i(-3).
10
Let h = 230 + -144. What is the remainder when h is divided by 18?
14
Suppose -5*y = -3*n + 2191, 5*y + 4 = -6. What is the remainder when n is divided by 52?
51
Let w = 397 + -57. Suppose 0 = 16*o - 11*o - w. Calculate the remainder when o is divided by 8.
4
Let h(s) = s + 2. Suppose -3*x = 2 - 11. What is the remainder when 59 is divided by h(x)?
4
What is the remainder when 177 is divided by 32 + 1 + 8/(-32)*4?
17
Suppose 3*w - 6 = h, -6*w + 8 = -2*h - w. Let z be 3/(0/2 + 1). Suppose -5*n + c + 71 = -z*c, -34 = -2*n + 3*c. Calculate the remainder when n is divided by h.
5
Suppose -54 = -8*c + 42. Let b = c + -6. Calculate the remainder when 19 is divided by b.
1
Let j(g) = -2*g**2 + 9*g + 1. Let v(w) = -w**2 + 5*w + 1. Let f(x) = -3*j(x) + 5*v(x). Let q = 0 - -3. What is the remainder when f(3) is divided by q?
2
Calculate the remainder when (12/(-9))/(38/(-6441)) is divided by 12.
10
Let a be (-6)/15 - (-228)/20. Let n = a - 7. Suppose -3*c = n*g - 5 - 47, c - 19 = -g. Calculate the remainder when c is divided by 13.
11
Suppose 2*c = 5*x - 19, 3*x - 13 - 4 = 4*c. Suppose -79 + x = -2*t. Suppose -r + d = -t, 0 = -d - 1. What is the remainder when r is divided by 19?
18
Suppose k - 266 = -3*u, -k - 420 = -5*u + 2*k. What is the remainder when 156 is divided by u?
69
Let y(m) = -9*m + 26*m - 12*m + 3. Let q be 2*((-3)/(-2) + 0). Calculate the remainder when y(q) is divided by 5.
3
Let x(a) = -22*a - 93. What is the remainder when 155 is divided by x(-6)?
38
What is the remainder when 17 is divided by ((-468)/24 + 12)*-2?
2
Suppose 12 = -0*g + g. Suppose -x - 99 = -3*d, 3*d + 4*x - 156 = -57. Calculate the remainder when d is divided by g.
9
Calculate the remainder when 93 is divided by (-6)/(-36) + 775/30.
15
Let b(y) = y**3 - y**2 - 4*y + 1. Let x be ((-27)/(-18))/(1/4). Suppose -z + t - 88 = -x*z, -3*t - 24 = -z. What is the remainder when b(4) is divided by z?
15
Suppose 4*w = 2*p + 120, 4*w - 60 - 66 = 5*p. Calculate the remainder when 84 is divided by w.
26
Suppose 2*t + 7 - 15 = 0. Let c = t - -12. Calculate the remainder when c is divided by 4.
0
Let w(s) = s - 4. Let a be w(6). Calculate the remainder when 1/(-2*a/(-228)) is divided by ((-13)/2 + 9/6)*-3.
12
What is the remainder when 4*(-3 + 612/8) is divided by 27?
24
Let t(j) = -j**3 + j + 1. Let f be t(-1). Let i = 13 - f. Suppose 2*z + 0 = -5*c + 6, -i = -4*z - c. What is the remainder when z is divided by 3?
0
Let r = -27 - -69. Suppose -m = m - r. Calculate the remainder when 104 is divided by m.
20
Suppose -w = -6*w + 1965. Calculate the remainder when w is divided by 22.
19
Suppose -7*g - 320 + 628 = 0. Calculate the remainder when 48 is divided by g.
4
What is the remainder when 239 is divided by 21/5*(1 + 0 - -29)?
113
Calculate the remainder when 121 - 13/((-13)/5) is divided by 44.
38
What is the remainder when 517 is divided by (-380419)/(-2197) + (-2)/13?
171
Let i(t) = 85*t + 4779. Suppose -89 - 35 = -4*q. What is the remainder when q is divided by i(-56)?
12
Let d(r) = 5*r - 7*r**2 - 2*r + r**3 - 8 + 4*r**2. Calculate the remainder when d(5) is divided by 15.
12
Let h(i) be the first derivative of i**4/4 - 5*i**3/3 + 6*i + 5. Let u be h(5). Calculate the remainder when (-481)/(-26) - u/4 is divided by 6.
5
Let j(o) = -2*o**3 - 3*o**2 - 2*o - 5. Suppose -s + 3*b - 4 = 0, -2*s + 5*b - 3*b - 8 = 0. Calculate the remainder when j(s) is divided by 29.
25
Calculate the remainder when 21 is divided by (-10)/(8/(192/(-20))).
9
Suppose 2*b + 2*b - 184 = -4*d, 226 = 5*d + 3*b. Suppose 3*r = 3*h - h - d, -2*h = 4*r + 68. Let i = r - -47. Calculate the remainder when i is divided by 8.
7
Let u(j) = 2*j**3 + 11*j**2 + 12*j + 12. What is the remainder when 46 is divided by u(-4)?
10
Let o = 187 - 149. What is the remainder when o is divided by 30?
8
Let f be (-5)/(-2)*(-192)/(-30). Let z = 7 + f. What is the remainder when z is divided by 8/(-1 - 4/(-2))?
7
Suppose -9*l - 90 = -3*l. Let j = 21 - l. What is the remainder when j is divided by 19?
17
Let i(c) = -c**3 + 6*c**2 + 7*c - 7. Let r be i(7). Let k = 18 + r. What is the remainder when 43 is divided by k?
10
Suppose -2*y - 1 = -11. Let v = 23 + -6. Let k = v + -9. Calculate the remainder when k is divided by y.
3
Let k(w) = 9*w - 56. Let l be k(7). Suppose -60 = -l*y - 11. Calculate the remainder when 19 is divided by y.
5
Let v = -723 - -802. What is the remainder when v is divided by 28?
23
Suppose -5*p - 7 + 38 = 4*y, 26 = 2*p + 5*y. Calculate the remainder when 24 is divided by p.
0
Let b(u) = u. Let h(a) = -8*a - 17. Let x(r) = -6*b(r) + h(r). Calculate the remainder when x(-13) is divided by 42.
39
Let u be 2/13 - (-10)/((-650)/(-315)). Suppose 2*j + x - 21 = 0, -5*j + 90 - u = -4*x. Calculate the remainder when j is divided by 4.
1
Let l = 0 - -16. Calculate the remainder when 276/l + 6/8 is divided by 5.
3
Suppose 0 = -4*h + 5*h - 6. Let o be 26/6 - h/(-9). Suppose -2*m + o*m - 48 = 0. What is the remainder when 62 is divided by m?
14
Suppose -5*q = -3*n - 25, -7*n + 4*n - 17 = -q. Suppose 3*u = q*y, 0 = 4*u + u - 3*y + 1. What is the remainder when (-6 - -92)/(u/(-1)) is divided by 23?
20
Let d(q) = q**2 + 17*q + 122. What is the remainder when d(31) is divided by 52?
50
Suppose 0 = 4*i - 0*o + 2*o, -5*o = 0. Suppose i = -u - 2*u + 33. Suppose -p - 4*p + 4*l + 80 = 0, 15 = 3*l. Calculate the remainder when p is divided by u.
9
Let g = -38 + -22. Let b be -45*8/g*3. What is the remainder when 41 is divided by 382/b + (-34)/153?
20
Let r(i) = i + 1 + 1 + 2*i**2 + 4*i. Let t be r(-4). Let w = t - 11. What is the remainder when w is divided by 1?
0
Let b = 1133 + -949. What is the remainder when b is divided by 4?
0
Suppose -107 = -6*l + 25. Let u(n) = 13*n**3 - 4*n**2 + 2*n + 1. Let q be u(2). Suppose 2*d - 77 = q. Calculate the remainder when d is divided by l.
19